 of 170053375?
5, 23, 59149
List the prime factors of 396115464.
2, 3, 709, 23279
List the prime factors of 561313592.
2, 7, 1531, 6547
List the prime factors of 138904407.
3, 3557, 4339
List the prime factors of 1317035690.
2, 5, 53, 2484973
List the prime factors of 279102551.
7, 13, 43, 71327
List the prime factors of 2200684188.
2, 3, 59, 227, 13693
What are the prime factors of 4183772074?
2, 743, 1663, 1693
What are the prime factors of 4011069263?
4011069263
What are the prime factors of 251975141?
11, 43, 67, 7951
What are the prime factors of 79563538?
2, 3919, 10151
List the prime factors of 681406308.
2, 3, 11, 17, 127, 797
List the prime factors of 366405493.
366405493
What are the prime factors of 3301635?
3, 5, 53, 4153
List the prime factors of 5680675238.
2, 7, 405762517
List the prime factors of 104038923.
3, 83, 307, 1361
What are the prime factors of 316097580?
2, 3, 5, 5268293
What are the prime factors of 101459868?
2, 3, 2377, 3557
List the prime factors of 1107158359.
15017, 73727
List the prime factors of 55275040.
2, 5, 37, 9337
List the prime factors of 210441649.
11, 19131059
List the prime factors of 127694003.
19, 18617
List the prime factors of 5157255923.
67, 347, 221827
List the prime factors of 5564748296.
2, 149, 4668413
What are the prime factors of 2212510675?
5, 41, 2158547
List the prime factors of 296299338.
2, 3, 19, 2599117
What are the prime factors of 217730999?
113, 163, 11821
What are the prime factors of 18876567?
3, 461, 13649
List the prime factors of 306667699.
13, 53, 445091
What are the prime factors of 178010960?
2, 5, 67, 33211
What are the prime factors of 55101728?
2, 11, 156539
What are the prime factors of 69991282?
2, 67, 522323
List the prime factors of 319577492.
2, 13, 17, 19, 53, 359
List the prime factors of 208630055.
5, 41726011
List the prime factors of 322815902.
2, 23, 305119
List the prime factors of 564641400.
2, 3, 5, 17, 197, 281
What are the prime factors of 21398544?
2, 3, 181, 821
List the prime factors of 5103657434.
2, 2551828717
List the prime factors of 33645657.
3, 167, 67157
What are the prime factors of 1200167849?
10589, 113341
List the prime factors of 295042938.
2, 3, 49173823
List the prime factors of 18177592.
2, 2272199
List the prime factors of 748353400.
2, 5, 3741767
What are the prime factors of 1267521446?
2, 89, 7120907
List the prime factors of 85058587.
53, 149, 10771
List the prime factors of 133646000.
2, 5, 19, 3517
What are the prime factors of 1748193208?
2, 43, 1489, 3413
What are the prime factors of 816168362?
2, 4231, 96451
What are the prime factors of 41224730?
2, 5, 31, 71, 1873
List the prime factors of 20264149.
149, 307, 443
List the prime factors of 62171909.
62171909
What are the prime factors of 867742798?
2, 13, 17, 1963219
List the prime factors of 36426749.
36426749
List the prime factors of 778722001.
778722001
List the prime factors of 86360065.
5, 11, 557, 2819
What are the prime factors of 961479621?
3, 61, 167, 10487
List the prime factors of 1983202247.
13, 2137, 71387
List the prime factors of 272515617.
3, 11, 643, 1427
List the prime factors of 43988206.
2, 1987, 11069
List the prime factors of 774059576.
2, 67, 109, 13249
What are the prime factors of 209881224?
2, 3, 7, 89, 4679
What are the prime factors of 104606584?
2, 47, 278209
List the prime factors of 1830678203.
127, 1999, 7211
List the prime factors of 76606723.
1933, 39631
What are the prime factors of 360500023?
13, 31, 894541
List the prime factors of 1452336574.
2, 13, 97, 575867
What are the prime factors of 13469795?
5, 139, 19381
List the prime factors of 598467.
3, 199489
List the prime factors of 95954243.
7, 11, 29, 97, 443
List the prime factors of 1821894702.
2, 3, 479, 633923
List the prime factors of 17727187.
3137, 5651
List the prime factors of 117548732.
2, 7, 977, 4297
List the prime factors of 34357172.
2, 43, 199751
What are the prime factors of 3482372610?
2, 3, 5, 38693029
List the prime factors of 63936248.
2, 7992031
What are the prime factors of 282510021?
3, 94170007
List the prime factors of 24678794.
2, 7, 1762771
List the prime factors of 255701450.
2, 5, 37, 89, 1553
List the prime factors of 301521027.
3, 17, 47, 125791
What are the prime factors of 477858158?
2, 238929079
What are the prime factors of 257196070?
2, 5, 29, 163, 5441
What are the prime factors of 779117340?
2, 3, 5, 12985289
List the prime factors of 210255422.
2, 13, 17, 475691
List the prime factors of 2346583609.
2346583609
What are the prime factors of 7799682?
2, 3, 11, 59, 2003
What are the prime factors of 58619514?
2, 3, 541, 18059
List the prime factors of 267411817.
267411817
What are the prime factors of 54138444?
2, 3, 4511537
List the prime factors of 201560727.
3, 67186909
List the prime factors of 46123231.
7, 11, 599003
List the prime factors of 282851810.
2, 5, 28285181
What are the prime factors of 44435867?
7, 157, 40433
List the prime factors of 47646078.
2, 3, 73, 181, 601
List the prime factors of 35097035.
5, 59, 118973
What are the prime factors of 631635059?
11, 57421369
List the prime factors of 690241228.
2, 1459, 118273
What are the prime factors of 1208405693?
11, 1291, 85093
List the prime factors of 492130734.
2, 3, 82021789
List the prime factors of 38574886.
2, 7, 983, 2803
What are the prime factors of 1279443093?
3, 8573, 49747
List the prime factors of 136501430.
2, 5, 13, 1050011
What are the prime factors of 157132027?
13, 79, 153001
What are the prime factors of 1767077072?
2, 110442317
What are the prime factors of 44916306?
2, 3, 7486051
What are the prime factors of 354918451?
23, 15431237
List the prime factors of 118693323.
3, 7, 19, 33053
What are the prime factors of 843096381?
3, 29, 2347, 4129
What are the prime factors of 88841472?
2, 3, 115679
What are the prime factors of 89513539?
23, 3891893
What are the prime factors of 283729972?
2, 149, 587, 811
List the prime factors of 77844614.
2, 2029, 19183
List the prime factors of 24704910.
2, 3, 5, 17, 67, 241
What are the prime factors of 232063670?
2, 5, 23206367
What are the prime factors of 129332366?
2, 59, 503, 2179
What are the prime factors of 58469766?
2, 3, 17, 43, 13331
What are the prime factors of 96256587?
3, 7, 23, 199289
What are the prime factors of 742401246?
2, 3, 123733541
What are the prime factors of 77598807?
3, 11, 13, 180883
List the prime factors of 5869515.
3, 5, 391301
List the prime factors of 5680553444.
2, 41, 2777, 12473
List the prime factors of 191030109.
3, 63676703
List the prime factors of 56306894.
2, 7, 101, 39821
List the prime factors of 1615287297.
3, 13, 461, 6911
What are the prime factors of 68308130?
2, 5, 11, 56453
List the prime factors of 4584538002.
2, 3, 11, 17, 4086041
List the prime factors of 49534070.
2, 5, 163, 30389
What are the prime factors of 2857243619?
31, 92169149
What are the prime factors of 107034824?
2, 13, 23, 29, 1543
What are the prime factors of 366804673?
29, 71, 6143
List the prime factors of 276994455.
3, 5, 31, 595687
What are the prime factors of 1942580689?
7, 29, 9569363
What are the prime factors of 89649065?
5, 11, 1629983
List the prime factors of 94623023.
11, 37, 137, 1697
List the prime factors of 307017237.
3, 102339079
List the prime factors of 201601647.
3, 13, 19, 23, 3943
What are the prime factors of 25214460?
2, 3, 5, 420241
What are the prime factors of 1701857?
1701857
What are the prime factors of 120034577?
13, 1787, 5167
List the prime factors of 1446043999.
479, 3018881
List the prime factors of 79031073.
3, 11, 2394881
What are the prime factors of 1605420977?
151, 2221, 4787
What are the prime factors of 30293478?
2, 3, 197, 8543
List the prime factors of 39143930.
2, 5, 7, 23, 41, 593
What are the prime factors of 844166082?
2, 3, 431, 326437
List the prime factors of 490585071.
3, 139, 1176463
List the prime factors of 42440823.
3, 17, 241, 1151
List the prime factors of 25243284.
2, 3, 11, 191237
What are the prime factors of 1526839656?
2, 3, 63618319
What are the prime factors of 42252510?
2, 3, 5, 1408417
List the prime factors of 1453082831.
233, 827, 7541
What are the prime factors of 55434042?
2, 3, 17, 181157
What are the prime factors of 634364233?
73, 7